4482950.
2, 5, 349, 27191
What are the prime factors of 7798795702?
2, 23, 59, 83, 89, 389
List the prime factors of 5074799394.
2, 3, 7, 120828557
What are the prime factors of 368755109?
17, 1129, 19213
What are the prime factors of 3313058080?
2, 5, 1223, 16931
What are the prime factors of 559067634?
2, 3, 31059313
List the prime factors of 56916610.
2, 5, 41, 138821
What are the prime factors of 2940971435?
5, 233, 2524439
What are the prime factors of 63707222?
2, 271, 117541
What are the prime factors of 50752836?
2, 3, 431, 3271
List the prime factors of 55296266.
2, 27648133
List the prime factors of 1567206328.
2, 195900791
List the prime factors of 105384582.
2, 3, 5854699
What are the prime factors of 1226210581?
19, 277, 232987
List the prime factors of 3065723972.
2, 109, 7031477
List the prime factors of 9272426.
2, 1153, 4021
What are the prime factors of 25110905?
5, 73, 89, 773
What are the prime factors of 29084963?
47, 137, 4517
What are the prime factors of 539455939?
11, 59, 683, 1217
List the prime factors of 41065938.
2, 3, 79, 28879
What are the prime factors of 2712549?
3, 7, 129169
List the prime factors of 100259264.
2, 7, 29, 7717
What are the prime factors of 660311069?
11, 6577, 9127
List the prime factors of 41342288.
2, 13, 198761
What are the prime factors of 3894881027?
347, 661, 16981
What are the prime factors of 74835692?
2, 18708923
List the prime factors of 2396646533.
293, 27917
What are the prime factors of 3122422341?
3, 37, 28129931
List the prime factors of 72609778.
2, 36304889
What are the prime factors of 589483847?
589483847
What are the prime factors of 57002737?
11, 113, 379
List the prime factors of 830783210.
2, 5, 199, 417479
List the prime factors of 3866586564.
2, 3, 19, 16958713
What are the prime factors of 741949815?
3, 5, 31, 157, 10163
List the prime factors of 1252545403.
1252545403
What are the prime factors of 3023321085?
3, 5, 22394971
What are the prime factors of 145064497?
997, 145501
List the prime factors of 262510286.
2, 149, 880907
List the prime factors of 49003811.
49003811
What are the prime factors of 29060998?
2, 181, 80279
What are the prime factors of 2743563?
3, 914521
What are the prime factors of 908024475?
3, 5, 23, 526391
What are the prime factors of 2733332600?
2, 5, 13666663
What are the prime factors of 260635206?
2, 3, 13, 421, 7937
What are the prime factors of 108307824?
2, 3, 2256413
What are the prime factors of 102267056?
2, 499, 12809
List the prime factors of 102600869.
7, 29, 673, 751
List the prime factors of 31509989.
7, 643061
List the prime factors of 56857981.
107, 531383
List the prime factors of 2201499775.
5, 88059991
What are the prime factors of 195956636?
2, 48989159
What are the prime factors of 1028302381?
211, 1117, 4363
List the prime factors of 42898348.
2, 43, 443, 563
List the prime factors of 79321529.
7, 31, 365537
List the prime factors of 297827449.
297827449
What are the prime factors of 64133530?
2, 5, 1523, 4211
What are the prime factors of 38440897?
11, 3494627
What are the prime factors of 69401992?
2, 11, 788659
What are the prime factors of 379911789?
3, 31, 16811
List the prime factors of 1018797169.
13, 337, 232549
What are the prime factors of 37824059?
7, 13, 31973
List the prime factors of 89369753.
11, 149, 4957
List the prime factors of 106134282.
2, 3, 23, 256363
What are the prime factors of 1329490372?
2, 7, 17, 53, 151, 349
List the prime factors of 3729426502.
2, 41, 45480811
What are the prime factors of 536901408?
2, 3, 1864241
What are the prime factors of 716407839?
3, 7, 11371553
List the prime factors of 1388361459.
3, 462787153
List the prime factors of 579808361.
11, 52709851
List the prime factors of 4139624.
2, 557, 929
List the prime factors of 1513561027.
11, 137596457
What are the prime factors of 2723882?
2, 7, 53, 3671
List the prime factors of 115941575.
5, 151, 30713
List the prime factors of 48559276.
2, 17, 714107
What are the prime factors of 71745490?
2, 5, 41, 174989
List the prime factors of 266220567.
3, 59, 167119
List the prime factors of 1381600114.
2, 690800057
What are the prime factors of 1661587972?
2, 11, 31, 59, 1877
What are the prime factors of 34567989?
3, 11522663
List the prime factors of 186627038.
2, 13, 37, 14923
List the prime factors of 19846983.
3, 13, 179, 2843
List the prime factors of 16034893.
7, 17, 127, 1061
What are the prime factors of 27990159?
3, 9330053
List the prime factors of 104647140.
2, 3, 5, 13, 4969
List the prime factors of 1143173552.
2, 7079, 10093
List the prime factors of 598974990.
2, 3, 5, 29, 688477
What are the prime factors of 138974114?
2, 79, 879583
What are the prime factors of 6426553546?
2, 7, 2917, 22481
What are the prime factors of 516817399?
7, 31, 1093, 2179
List the prime factors of 51090838.
2, 41, 623059
What are the prime factors of 3107096596?
2, 17, 45692597
What are the prime factors of 51195301?
51195301
List the prime factors of 30499780.
2, 5, 1524989
List the prime factors of 323034427.
3109, 103903
What are the prime factors of 26296675?
5, 811, 1297
List the prime factors of 659805658.
2, 641, 514669
What are the prime factors of 3908091333?
3, 1302697111
List the prime factors of 26062540.
2, 5, 7, 186161
List the prime factors of 622008759.
3, 3989, 51977
List the prime factors of 239994737.
47, 67, 76213
What are the prime factors of 5020176688?
2, 313761043
What are the prime factors of 49265337?
3, 11, 17, 137, 641
List the prime factors of 664111906.
2, 59, 67, 167, 503
What are the prime factors of 109995282?
2, 3, 1493, 4093
List the prime factors of 221995573.
11497, 19309
List the prime factors of 132173201.
1013, 130477
List the prime factors of 48624472.
2, 13, 467543
What are the prime factors of 259969093?
467, 556679
List the prime factors of 390392115.
3, 5, 613, 42457
What are the prime factors of 114148446?
2, 3, 61, 311881
What are the prime factors of 181587540?
2, 3, 5, 17, 53, 3359
List the prime factors of 59088232.
2, 7, 31, 101, 337
What are the prime factors of 7618683?
3, 1237, 2053
What are the prime factors of 297202409?
7, 173, 245419
List the prime factors of 114723898.
2, 47, 199, 6133
List the prime factors of 186868164.
2, 3, 7, 199, 1597
What are the prime factors of 135760000?
2, 5, 1697
List the prime factors of 3533998552.
2, 7, 4027, 15671
List the prime factors of 106730299.
13, 1499, 5477
What are the prime factors of 289105603?
67, 131, 32939
List the prime factors of 66261284.
2, 19, 661, 1319
What are the prime factors of 18331421?
1439, 12739
List the prime factors of 6377144472.
2, 3, 37, 61, 103, 127
What are the prime factors of 4444485134?
2, 17, 73, 953, 1879
List the prime factors of 18608741.
2203, 8447
What are the prime factors of 91571901?
3, 23, 41, 32369
What are the prime factors of 152609720?
2, 5, 3815243
What are the prime factors of 859164295?
5, 11, 29, 43, 12527
List the prime factors of 2570530027.
13, 197733079
List the prime factors of 85741451.
1327, 64613
What are the prime factors of 82125373?
11, 89, 149, 563
List the prime factors of 451678292.
2, 13, 8686121
List the prime factors of 1885896936.
2, 3, 7, 11, 340169
What are the prime factors of 153900042?
2, 3, 29, 884483
What are the prime factors of 69758032?
2, 433, 10069
What are the prime factors of 2837282593?
13883, 204371
List the prime factors of 2061634032.
2, 3, 401, 3967
What are the prime factors of 63379393?
7, 11, 59, 1993
List the prime factors of 3103935993.
3, 109, 3164053
What are the prime factors of 2871035539?
239, 2207, 5443
What are the prime factors of 177584249?
2689, 66041
What are the prime factors of 288422946?
2, 3, 7, 31, 41, 1801
What are the prime factors of 36484347?
3, 12161449
What are the prime factors of 43230960?
2, 3, 5, 97, 619
What are the prime factors of 6873823821?
3, 1193, 1920599
What are the prime factors of 6525578444?
2, 7, 11, 21186943
List the prime factors of 100254670.
2, 5, 10025467
What are the prime factors of 45392697?
3, 7, 240173
List the prime factors of 1559423708.
2, 19, 103, 199211
What are the prime factors of 262717974?
2, 3, 677, 21559
List the prime factors of 470579671.
470579671
What are the prime factors of 416904717